 -2*v + 85. Let f(z) = 5*z**2 - z - 5. Let s be f(-5). Calculate the greatest common factor of s and i.
25
Let g be ((-3)/(-9))/((13 - 20)/(-1008)). Suppose -j = -4*j + 18. Let r be (-1)/(-3) - (-70)/j. What is the highest common factor of g and r?
12
Suppose -72865 - 43643 = -57*q. Calculate the highest common divisor of q and 14.
14
Let x be 2 - (-3)/(3/136). Let u = -3975 + 3981. What is the greatest common factor of u and x?
6
Suppose 9*v = 6*v + 63. Calculate the highest common divisor of 12 and v.
3
Let p = 1441 + -1369. Calculate the highest common factor of p and 360.
72
Let j(a) = -2*a + 27. Let i be j(13). Calculate the greatest common factor of 3 and i.
1
Suppose -3*c + 2*z + 142 = 0, 0 = 2*c + 5*z - 0*z - 82. Suppose -45*x + c*x = 2. Suppose -32 = -x*f - 12. Calculate the greatest common divisor of f and 10.
10
Suppose 2*b - 5*b = -42. Suppose 0*d = 5*d + 20. Let g be (-28)/(-5)*(-70)/d. What is the greatest common divisor of b and g?
14
Let f be 3 - (-8)/(12/3). Suppose f*d = 12 + 13. What is the greatest common divisor of 35 and d?
5
Suppose -2*k - 56 = -3*c, 10*c + k - 28 = 8*c. What is the greatest common divisor of c and 248?
8
Suppose 215 = 2*m + 161. What is the greatest common factor of m and 1431?
27
Suppose 3 = -z + 13. Let h be (-2)/((-5)/(-5)) + 7. Calculate the highest common factor of z and h.
5
Suppose 4*x - 2*r - 210 = 0, 158 = 3*x - r - r. Let b be (-1)/(-2) + 42/4. Let s = b + 2. What is the greatest common divisor of s and x?
13
Let c be (-63)/28*(-16)/6. Calculate the highest common factor of c and 888.
6
Let q(f) = f**2 - 26*f - 56. Let v be q(30). What is the greatest common factor of 16 and v?
16
Suppose v - 333 = 5*h, 2*v + 4*h = 1072 - 392. Calculate the highest common divisor of v and 13.
13
Let b = 3 - -21. Let m = b + -12. Suppose -4*o = -6*o + m. What is the greatest common divisor of 6 and o?
6
Let s(v) = -5*v**2 + 123*v + 51. Let c be s(25). Calculate the highest common divisor of 8 and c.
1
Suppose 0 = -7*h + 90 + 106. What is the highest common factor of h and 8?
4
Suppose 0 = 38*n - 67*n + 406. Suppose 1 = -3*s + 2*k + 5, 0 = -2*s + 2*k + 4. Let l be (-3 - -38) + 0 + s. Calculate the highest common factor of l and n.
7
Let f be ((-4)/(-10))/(4/60 + 0). Suppose -5*y + 5*k = -25, -2*k + k = 1. Calculate the highest common divisor of f and y.
2
Let s be ((-82)/205)/(1/(-105)). What is the greatest common divisor of 357 and s?
21
Suppose -12*x - 2023 + 7903 = 0. Calculate the greatest common factor of x and 98.
98
Let n(p) = -2*p**3 - 4*p**2 - 8*p - 9. Let x be 3 + (-24)/9 - 13/3. Let j be n(x). What is the highest common factor of j and 29?
29
Suppose 0 = 2*k + 8 - 50. Let a = 20 - -1. Calculate the greatest common factor of a and k.
21
Suppose -5*z - 50 = -3*k, 0 = 2*z + 3*z + 2*k + 25. Let b = 16 + z. Let w be ((-2)/3)/((-3)/b). Calculate the highest common divisor of 6 and w.
2
Let w(q) = -q**3 - 51*q**2 + 219*q + 15. Let i be w(-55). Let u be 1*6*-1*-5. Calculate the greatest common divisor of u and i.
10
Let y = -286 + 478. What is the highest common factor of y and 112?
16
Let a be ((-9)/6)/((-9)/6). Let x(k) = 3*k**2 - k. Let u be x(a). What is the highest common divisor of 14 and u?
2
Suppose 2*r + 9 = -r. Let v(z) = -z**2 - z - 6. Let l be v(r). Let a = l - -20. What is the greatest common divisor of a and 56?
8
Let q be 2 + 13/((-91)/28) - -12. Calculate the greatest common factor of 385 and q.
5
Let u = 250 - 33. What is the greatest common factor of u and 21?
7
Let a = -331 + 350. Calculate the highest common factor of a and 1007.
19
Suppose -3*m + 5*m - 20 = -4*p, 0 = 3*p + 5*m - 15. Let g(x) = x**3 - 5*x**2 + 3*x - 1. Let z be g(p). What is the highest common divisor of 154 and z?
14
Suppose 2*f - 177 = -f + 4*g, 0 = 5*f - 4*g - 295. Calculate the greatest common factor of f and 649.
59
Suppose -5*y + 391 = 5*o + 36, -2*y = -2. Let b = 1 - -13. Let s(z) = -z**2 + 15*z - 4. Let r be s(b). Calculate the highest common factor of o and r.
10
Let v be 4/10 + (-178)/(-5). Let g = v + -30. Calculate the highest common divisor of g and 30.
6
Let w be 23 + 3/(-3) - 4. Let h = -74 - -110. What is the highest common divisor of h and w?
18
Let l(n) = n**3 - 20*n**2 - 25*n + 24. Let u be l(21). Let v = 64 + u. Let i = 9 - 1. What is the greatest common factor of i and v?
4
Let y(r) = 4*r**2 - 35*r + 34. Let q be y(13). What is the greatest common divisor of 45 and q?
15
Suppose 2*z = -32*z + 374. Suppose 0 = b + d - 32, -2*b + 70 = -0*b - 4*d. Calculate the highest common divisor of b and z.
11
Let m be (8/22)/((-16)/(-88)). What is the greatest common divisor of m and 58?
2
Let c(y) = y**2 + 20*y + 40. Let j be c(-19). Calculate the highest common factor of 91 and j.
7
Let j(y) = -4*y + 118. Let i be j(-28). Calculate the greatest common factor of i and 345.
115
Let n(c) = 2*c + 17. Let f be n(-5). Let j(d) = 10*d - 16. Let l be j(f). What is the greatest common factor of l and 54?
54
Let c be (-9)/21*-2*-7. Let h(k) = -5*k - 21. Let y be h(c). Let x be y/(3*4/12). What is the greatest common divisor of x and 6?
3
Let h be 2/(-8) + ((-13)/(-4) - 2). Let l be 97/2 - ((-2)/(-4) - h). Calculate the highest common divisor of l and 7.
7
Let y = -11 + 9. Let o be 996/24 - y/4. Calculate the highest common factor of 6 and o.
6
Suppose -9*d = 34*d - 2236. Calculate the greatest common divisor of d and 832.
52
Let x be 570 - (-6 - (-15 + 7)). What is the highest common divisor of x and 24?
8
Suppose -38 + 38 = 2*y. Suppose -12 + y = -2*n. What is the highest common factor of 1 and n?
1
Suppose 70 = 11*s + 3*s. Calculate the highest common divisor of 15 and s.
5
Let g = 51 + -38. Let j be (-2)/g - (1 + 1575/(-13)). Calculate the highest common divisor of 48 and j.
24
Suppose -7 = -3*p - 2*m + 5, p + 13 = 5*m. Let y(r) = 5*r**2 + 8*r**2 + r + 3*r**p + 3. Let b be y(-2). Calculate the greatest common divisor of 26 and b.
13
Suppose 10*h = 7*h + 858. What is the greatest common divisor of h and 11?
11
Suppose 12 + 3 = -5*f. Let j be 6/(-9 - -4 - f). Let n be -1 + j + 1 + 139. Calculate the greatest common factor of n and 17.
17
Suppose 0*u + 108 = 3*u. Let i be (u/(-27))/((-4)/(-6)). Let t be ((-153)/(-36))/(i/(-32)). Calculate the highest common factor of 17 and t.
17
Suppose -3*y = 5*g - 3, y + 9 = 3*g - 4. Let h be (-3)/y*(-3 + 7). Suppose -4*f + 0*f = -12. Calculate the greatest common divisor of h and f.
3
Let z be (-5 - -2) + (2 - (-11 - 1)). Suppose -10*d = -z*d + 40. Calculate the greatest common factor of d and 50.
10
Suppose -4*p - 5*v = -7*p + 218, 0 = -p + 2*v + 74. Suppose -g = -2*h + 181, -h + 3*g + 52 = -51. Calculate the greatest common factor of p and h.
22
Let x(w) = 6*w - 1. Let h be x(1). Suppose h*f - 20 = 100. What is the greatest common divisor of 6 and f?
6
Suppose 0 = 29*u - 76*u + 2397. Calculate the greatest common divisor of u and 1.
1
Let u(g) = -3*g + 99. Let x(a) = a**3 - 8*a**2 + 7*a. Let t be x(7). Let d be (4 + -3)/(-2)*t. Let y be u(d). Calculate the greatest common divisor of 33 and y.
33
Suppose -1 = b - 4*t, 4*b + 4*t + 5 = 1. Let q be 165*1 - -4 - b. Let p = 284 - q. Calculate the highest common factor of 19 and p.
19
Let w = -114 + 3. Let q = -57 - w. Calculate the highest common factor of q and 6.
6
Let f = 455 + -365. Calculate the highest common factor of f and 126.
18
Let k = 2275 + -1595. Let s be (k/(-50))/((2/5)/(-1)). What is the highest common divisor of s and 17?
17
Suppose 0*z + 4*z + 32 = 5*y, 4*z = -2*y - 4. What is the highest common factor of y and 2?
2
Let r = 245 - 146. What is the highest common divisor of r and 66?
33
Suppose 4*f = -x + 7, -2*f + 8 = 2*f. Let d(y) = -y - 1. Let h be d(x). Suppose 4*a - a - 255 = h. What is the greatest common factor of 34 and a?
17
Let h = 27 - 17. Let v(t) = 10*t - 50. Let n be v(10). What is the greatest common factor of n and h?
10
Suppose 0 = 224*z - 203*z - 1470. Calculate the greatest common factor of 910 and z.
70
Suppose -12 = -39*a + 36*a. Let m be (0/(a/(-2)))/(-2). Suppose -4*n = -n + 3*k - 39, m = -n + 2*k + 28. Calculate the greatest common divisor of 18 and n.
18
Let b(r) = r**2 + 121. Let f be b(0). Let v = 802 - 791. Calculate the greatest common divisor of v and f.
11
Suppose 2*l = -4*d + 244, 28*l 